posite number?
False
Is 24391 a composite number?
False
Is 133597 a prime number?
True
Is 10085 prime?
False
Is 9443045 a composite number?
True
Is 16483 composite?
True
Is 100087 a composite number?
True
Is 6683 a composite number?
True
Is 376862 prime?
False
Is 433607 composite?
False
Is 13307 a composite number?
True
Is 1814005 prime?
False
Is 1538269 prime?
False
Is 665251 composite?
False
Is 24573 prime?
False
Is 3602 a prime number?
False
Is 44303 a composite number?
True
Is 14563 a prime number?
True
Is 63343 a composite number?
True
Is 85991 composite?
False
Is 82247 prime?
False
Is 6241 composite?
True
Is 156797 composite?
False
Is 2417 a prime number?
True
Is 1583509 a composite number?
False
Is 84157 composite?
True
Is 17657 a composite number?
False
Is 2307757 a prime number?
True
Is 22189 composite?
False
Is 79637 composite?
True
Is 609491 a composite number?
True
Is 737 a prime number?
False
Is 3334 a prime number?
False
Is 48266 a composite number?
True
Is 3205 a prime number?
False
Is 271451 a composite number?
False
Is 379105 composite?
True
Is 2318843 prime?
True
Is 109853 prime?
False
Is 122857 a composite number?
True
Is 257 prime?
True
Is 30281 a prime number?
False
Is 4907 composite?
True
Is 73565 a composite number?
True
Is 2474 a composite number?
True
Is 15185 a composite number?
True
Is 178681 composite?
False
Is 117049 a composite number?
True
Is 1151 a composite number?
False
Is 338017 a composite number?
False
Is 18053 composite?
True
Is 5261 prime?
True
Is 25138 a composite number?
True
Is 14197 composite?
False
Is 30089 composite?
False
Is 51893 a composite number?
False
Is 2203 a composite number?
False
Is 95923 prime?
True
Is 12143 a prime number?
True
Is 227009 a composite number?
True
Is 5793 prime?
False
Is 622786 a prime number?
False
Is 1531 prime?
True
Is 379007 a prime number?
True
Is 154731 a composite number?
True
Is 1939 composite?
True
Is 100733 a prime number?
True
Is 44921 prime?
False
Is 418391 composite?
False
Is 12997 a composite number?
True
Is 11545 composite?
True
Is 25219 composite?
False
Is 34403 a prime number?
True
Is 663263 a composite number?
False
Is 1906 composite?
True
Is 38414 composite?
True
Is 189559 prime?
True
Is 7001 composite?
False
Is 781 composite?
True
Is 388253 prime?
True
Is 113279 a prime number?
True
Is 147853 prime?
True
Is 69401 composite?
False
Is 953 a prime number?
True
Is 6071 prime?
False
Is 489205 a composite number?
True
Is 2161 prime?
True
Is 52339 a prime number?
False
Is 10289 a composite number?
False
Is 23515 prime?
False
Is 37279 prime?
False
Is 6469 composite?
False
Is 1069 a prime number?
True
Is 832985 a composite number?
True
Is 113269 composite?
True
Is 157783 prime?
False
Is 2929 a composite number?
True
Is 2798 composite?
True
Is 3419 prime?
False
Is 28789 a composite number?
False
Is 2131193 prime?
True
Is 1648073 a prime number?
False
Is 13019 composite?
True
Is 10261 prime?
False
Is 81581 composite?
True
Is 3761 prime?
True
Is 382163 a composite number?
False
Is 172741 a prime number?
True
Is 115631 prime?
True
Is 53953 a prime number?
False
Is 79099 prime?
False
Is 6113 a composite number?
False
Is 73163 composite?
True
Is 7993 a composite number?
False
Is 95269 a prime number?
False
Is 66137 composite?
False
Is 23513 composite?
True
Is 41381 a prime number?
True
Is 7377 a composite number?
True
Is 7694 prime?
False
Is 287767 composite?
True
Is 6997 a composite number?
False
Is 362927 prime?
True
Is 126173 a composite number?
False
Is 302929 composite?
True
Is 125709 a composite number?
True
Is 40045 composite?
True
Is 1250407 composite?
False
Is 678361 a composite number?
True
Is 6145 a prime number?
False
Is 40957 a prime number?
False
Is 101201 a composite number?
True
Is 1099031 prime?
True
Is 263837 a composite number?
True
Is 430303 prime?
True
Is 1051871 a prime number?
False
Is 9667 composite?
True
Is 6457 a composite number?
True
Is 108727 a composite number?
False
Is 73417 prime?
True
Is 41929 a prime number?
False
Is 63491 prime?
False
Is 25031 a prime number?
True
Is 2551793 composite?
False
Is 3199 prime?
False
Is 101627 composite?
False
Is 9413 a prime number?
True
Is 12319 a prime number?
False
Is 2773 composite?
True
Is 146449 a composite number?
False
Is 186841 a prime number?
True
Is 23531 a prime number?
True
Is 148353 composite?
True
Is 113921 a prime number?
True
Is 368021 a composite number?
False
Is 44606 composite?
True
Is 110353 a prime number?
False
Is 4907431 composite?
False
Is 69691 a composite number?
False
Is 24347 prime?
False
Is 1489439 a prime number?
False
Is 60139 composite?
False
Is 93307 a composite number?
False
Is 12459 a composite number?
True
Is 453949 a prime number?
True
Is 1127971 a composite number?
True
Is 28115 prime?
False
Is 3247 composite?
True
Is 3979 a composite number?
True
Is 5381 a composite number?
False
Is 75743 composite?
False
Is 204427 prime?
True
Is 21059 prime?
True
Is 291 a composite number?
True
Is 469 a prime number?
False
Is 1039109 a prime number?
True
Is 68167 a prime number?
False
Is 1007 a composite number?
True
Is 54861 a composite number?
True
Is 4001434 composite?
True
Is 145261 composite?
True
Is 17943 composite?
True
Is 9863 a composite number?
True
Is 3497 a composite number?
True
Is 12451 a prime number?
True
Is 1132867 a prime number?
False
Is 8951 a composite number?
False
Is 82513 prime?
False
Is 13511 a composite number?
True
Is 150697 a composite number?
False
Is 15866 prime?
False
Is 63901 a prime number?
True
Is 50047 a composite number?
False
Is 133079 composite?
True
Is 427913 prime?
True
Is 21211 a composite number?
False
Is 639335 a composite number?
True
Is 177277 prime?
False
Is 55655 a prime number?
False
Is 1531 a prime number?
True
Is 215123 a prime number?
True
Is 20407 a composite number?
False
Is 339415 a prime number?
False
Is 17023 composite?
True
Is 28369 prime?
False
Is 2081 composite?
False
Is 3950881 a prime number?
False
Is 21739 a prime number?
True
Is 30757 composite?
False
Is 66161 a prime number?
True
Is 111187 prime?
True
Is 170619 a prime number?
False
Is 459313 composite?
False
Is 23227 a prime number?
True
Is 21005 composite?
True
Is 124847 prime?
True
Is 48562 composite?
True
Is 48017 a composite number?
False
Is 11027 composite?
False
Is 421241 a composite number?
False
Is 781 composite?
True
Is 9389 a composite number?
True
Is 11671 composite?
True
Is 1741 composite?
False
Is 14503 a composite number?
False
Is 384799 a composite number?
True
Is 158029 composite?
False
Is 307759 a composite number?
False
Is 31969 a prime number?
False
Is 7919 a prime number?
True
Is 127 a composite number?
False
Is 4051 a prime number?
True
Is 43753 a composite number?
False
Is 13849 prime?
False
Is 2041 a prime number?
False
Is 120641 prime?
True
Is 1005101 composite?
False
Is 27539 composite?
False
Is 34781 prime?
True
Is 83671 composite?
True
Is 28051 prime?
True
Is 71653 a prime number?
False
Is 3359 a composite number?
False
Is 1039 a composite number?
False
Is 54149 prime?
False
Is 10357 composite?
False
Is 18254 prime?
False
Is 4561 composite?
False
Is 67121 a prime number?
True
Is 16547 a prime number?
True
Is 215671 prime?
False
Is 1201 a composite number?
False
Is 9151 composite?
False
Is 14519 a prime number?
True
Is 31661 a composite number?
True
Is 524921 composite?
False
Is 323521 prime?
False
Is 1907 a prime number?
True
Is 2388769 composite?
False
Is 4751 a composite number?
False
Is 34027 a composite number?
True
Is 8893 prime?
True
Is 114137 composite?
True
Is 44683 a composite number?
False
Is 1323431 prime?
True
Is 29243 composite?
False
Is 7273 a composite number?
True
Is 7970471 prime?
True
Is 18823 prime?
False
Is 9569 a prime number?
False
Is 1546291 prime?
True
Is 16801 composite?
True
Is 6677 prime?
False
Is 131381 composite?
False
Is 321131 prime?
False
Is 536651 composite?
False
Is 40999 a composite number?
True
Is 4201 prime?
True
Is 176221 a prime number?
True
Is 710273 a prime number?
True
Is 38629 a prime number?
True
Is 30143 a composite number?
True
Is 1343 prime?
False
Is 1908442 composite?
True
Is 155633 composite?
True
Is 156854 a composite number?
True
Is 21481 prime?
True
Is 50719 composite?
True
Is 67661 